54?
7
Let l = 8013 + -5520. Calculate the remainder when l is divided by 52.
49
Let n = -45 + 72. Suppose 0 = -5*r - 5, -m - m - 3*r + n = 0. Suppose -24434*w + 24420*w = -56. What is the remainder when m is divided by w?
3
Let w(y) = y**2 + 8. Let b be (-21)/(-49) + 6/(-14). Let t be w(b). Suppose 2*o = -t*o + 240. What is the remainder when o is divided by 9?
6
Suppose 20*t = -139*t - 548 + 13586. What is the remainder when 190 is divided by t?
26
Let x = -34398 + 34905. What is the remainder when x is divided by 108?
75
Suppose 0 = -2*t + 2*u - 1410, -2*u + 710 = -2*t + t. Let m be 24/(-20)*t/(-6). Let o = -71 - m. Calculate the remainder when o is divided by 20.
9
Let q(u) = u**2 - 16*u + 17. Let r be q(15). Suppose -3*c + a = -c - 267, -r*a = -2*c + 264. Calculate the remainder when 34 is divided by 6/(-4) - c/(-10).
10
Suppose -3*y - 3*x = -76 - 2, -36 = -y + x. Suppose -2*z - 5*z + 32 = -24. Calculate the remainder when y is divided by z.
7
Let h(a) = 34*a - 87. Let f(g) = -33*g + 86. Let z(s) = 3*f(s) + 4*h(s). What is the remainder when 403 is divided by z(4)?
55
What is the remainder when (-51 - (-5740)/112)/((-2)/(-26120)) is divided by 87?
46
Let g(x) = -x**3 - x**2 + 21. Let z(b) = -5 + 0*b - 5*b + 2*b - 5. Calculate the remainder when z(-22) is divided by g(0).
14
Let r = -7136 - -7451. What is the remainder when 1182 is divided by r?
237
Let q = -33224 + 33562. Calculate the remainder when 949 is divided by q.
273
Suppose 40*s - 31*s = 45. Suppose -4*y = -s*u - 35, 2*u = -4*y - 0*u + 42. Calculate the remainder when 22 is divided by y.
2
Let a(q) = -73*q - 1203. What is the remainder when 1400 is divided by a(-17)?
32
Suppose 0 = -5*i + 5*y - 20, 28 = i - 2*i - 5*y. Let f = i + 57. Suppose 4*h - 848 = 124. What is the remainder when h is divided by f?
47
Calculate the remainder when 1619 is divided by ((-77)/(-84) - 2/8)*90.
59
Let w = -202 - -202. Suppose 3*d + 3*l = 78, -3*d + w*d + l + 70 = 0. What is the remainder when 67 is divided by d?
19
Suppose -5*g - 3*c + 847 = -72, -5*g + 3*c + 901 = 0. Let j = 221 - g. Calculate the remainder when 192 is divided by j.
36
What is the remainder when 1098 is divided by (-1274)/(-6) + (-110)/(-165)?
33
Let x = -14113 + 14575. Calculate the remainder when x is divided by 48.
30
Suppose 5*k + 4*x = -x + 60, 3*k + 4*x - 39 = 0. Suppose -2*r - k + 21 = 0. Calculate the remainder when 2/(-2 + 216/106) is divided by r.
5
Let a(p) = 2621*p + 372193. Let y be 2/3*(317 + 1). Suppose -5*f = -y - 58. What is the remainder when f is divided by a(-142)?
10
Suppose -5*i + 215 = 3*z, 4*z - 3*z = i - 35. Suppose -34*n + 640 = -i. Calculate the remainder when 237 is divided by n.
17
Let u = 170 - -20. Suppose 327 = 16*j - 1737. Let t = u - j. Calculate the remainder when t is divided by 31.
30
Let w = -3 + 4. Suppose 0 = -5*o + 39 + w. Suppose 32996 - 33284 = -9*v. What is the remainder when v is divided by o?
0
Let k be 2 + -3*(-392)/24. Let n = 62 + k. Calculate the remainder when n is divided by 29.
26
Suppose -6 = -4*z + z. Suppose -5*q = -4*n - 118, 3*q - 16 = 5*n + 47. Calculate the remainder when q is divided by z.
0
Let s be (312/18)/(6/9*1). Suppose 37 = 3*o - 5*x, -5*x - s = -4*o - 3*x. Suppose 2*q - 8 - 10 = 0. Calculate the remainder when q is divided by o.
1
Let i(t) = -t**3 - t**2 + 20*t + 48. Let f = -102 - -96. Suppose 0 = 2*n - g - 3*g - 54, -4*g = -5*n + 165. Calculate the remainder when i(f) is divided by n.
34
Let l = -1531 - -1616. Calculate the remainder when l is divided by 71.
14
Let g = 8249 - 7991. What is the remainder when g is divided by 20?
18
Let q be 35/(-14) + 2 + 9/2. Suppose q*b + y - 447 = 0, -570 = -6*b + b + y. Calculate the remainder when b is divided by 13.
9
Let v = -31 + 72. Suppose v*w = 43*w - 20. Calculate the remainder when 47 is divided by w.
7
Suppose -18173 = 132*z - 40306 - 54559. What is the remainder when z is divided by 148?
137
What is the remainder when 2347 is divided by -58 + 71 - (-29)/1?
37
What is the remainder when (-28)/(-294) + 244816/462 is divided by 13?
10
Let o(l) = -l**2 + 18*l + 34. Let n be o(19). Let r be (-14 - 1)*9/n. Let q(y) = -y**2 - 9*y + 8. Calculate the remainder when q(r) is divided by 5.
3
Suppose -706 - 5793 = -97*t. Calculate the remainder when 9175 is divided by t.
63
Let y = -7 - -9. Suppose -7*w - 173 = -222. Let g(z) = 13*z - 81. What is the remainder when g(w) is divided by y?
0
Let y be 48/(-16) - -3*(51 - 0). Let r = 264 + -399. Let h = r + y. What is the remainder when 27 is divided by h?
12
Let o(p) = -4*p**3 - 46*p**2 - 98*p - 3. What is the remainder when 3894 is divided by o(-2)?
40
Let g(d) be the third derivative of -d**6/120 - d**5/15 - d**4/3 - 3*d**3/2 - 161*d**2. What is the remainder when g(-5) is divided by 14?
0
Suppose -2961 = -9*r - 27. Suppose 2*o = u - 199, 0 = 2*u - o - 69 - r. Calculate the remainder when u is divided by 8.
5
Let h = 160 + -150. Let c(o) = -5 + 11*o + 2 - 6*o + 5*o. Calculate the remainder when c(4) is divided by h.
7
Suppose 1047 = 53*d - 48*d - g, 420 = 2*d - g. What is the remainder when d is divided by 198?
11
Suppose -4*f - 5*d + 45 = 0, 3*f - 5*d - 29 = -4. Let s(b) = -21 + 2*b + 3*b + 0*b. Calculate the remainder when s(16) is divided by f.
9
Suppose -10*w + 12555 = -37*w. Calculate the remainder when 487 is divided by ((-12)/(-15))/((-3)/w).
115
Let m = -28 - -135. Let y = m + -91. Suppose -7 - 29 = -4*h. What is the remainder when y is divided by h?
7
Suppose 2*x - 975 = -t + 6*t, -t - 188 = x. Let i = t - -229. What is the remainder when 245 is divided by i?
29
Suppose d + 3*u = 53, 5*d - 25 - 164 = 4*u. Let i(y) = 97*y - 91. Calculate the remainder when d is divided by i(1).
5
Let n = -521 + 518. Calculate the remainder when -89*(5 + n + -4 - -1) is divided by 46.
43
Suppose -146 = -2*m + n + 575, -2*m - 5*n + 703 = 0. Let i = m + -342. Let l(f) = f**3 + 2*f**2 - 5*f + 2. What is the remainder when l(3) is divided by i?
15
Suppose -309*t + 3838 = -488. What is the remainder when t is divided by 5/((-15)/(-24)) - 2?
2
Suppose x = -x + 4*g - 42, 5*x - 5*g = -105. What is the remainder when -18*(x/9)/7 is divided by 3?
0
Calculate the remainder when 0/2 - ((-507)/39 - 86) is divided by 30.
9
Let h be (0/(1 + 4 + -4))/(-2). Suppose 0 = -3*r + 9, h = 3*k + r - 37 - 14. Suppose -2*t - 2*t = -20. Calculate the remainder when k is divided by t.
1
Let o = -129 - -134. Let g be 10 + o + 8/(-2). Suppose -3*q + 2*q = -g. What is the remainder when 19 is divided by q?
8
Calculate the remainder when -20 + 91*36/84 is divided by 2*(-15)/(-6)*1.
4
Let q = 145 - 113. Suppose 5*p = 3*p + 208. Suppose -4*n + p = 3*r - 5*r, n = 2*r + q. What is the remainder when 166 is divided by n?
22
Let v = 903 - 894. Let a = 83 + -13. Calculate the remainder when a is divided by v.
7
Let o = 148 + -170. What is the remainder when (-460)/15*(1 + o/4) is divided by 20?
18
Suppose -3*x - 4*b = 10, 2*x - b + 4*b + 8 = 0. Suppose 0*k - 1 = -k + 5*t, 5*t = x*k - 12. What is the remainder when k is divided by 1?
0
Let t = 23707 - 23394. What is the remainder when 7504 is divided by t?
305
Let t(p) = p**2 - 3*p - 8. Let i be t(-2). Suppose -i*s + 11*s = 297. Let l = 40 - 22. What is the remainder when s is divided by l?
15
Suppose -17*a + 4822 + 278 = 0. Let o be (0 - a)/4*6/(-10). Suppose 0 = -o*x + 42*x + 9. Calculate the remainder when 11 is divided by x.
2
Suppose 22 = 10*q + 12. Calculate the remainder when 440*((-6)/(-15))/q is divided by 60.
56
Let o(p) = p**3 - 9*p + 9. Let v be o(5). Suppose 4*s + v = 5*s. Calculate the remainder when s is divided by 484/16 + (-1)/4.
29
What is the remainder when -1 - (-3 + 3 - 838) is divided by -2 + -6 + 2494/86?
18
Let u(c) = -6*c + 60. Let m(h) = 4*h + 6. Let k be m(-3). Calculate the remainder when u(k) is divided by 33.
30
Let f = -38 - -93. Suppose 4*p - 186 = z, -p - z = 3*z - f. Suppose 2*h - p = 95. Calculate the remainder when h is divided by 18.
17
Let u = 41 - 27. Suppose 0 = 6*t - t - 345. Calculate the remainder when t is divided by u.
13
Let x be 343*(4 + -5) - 8. Let j = -257 - x. Calculate the remainder when j is divided by 19.
18
Suppose -7*g = -2 - 12. What is the remainder when 41 is divided by ((-5)/(-10))/((-110)/56 + g)?
13
Suppose 1314